 = v - a. What is the tens digit of n?
1
Let k(z) = -z**3 + 52*z**2 + 8*z + 51. What is the tens digit of k(50)?
5
Suppose 6 = -2*a - 2*l, -13 = -a + 2*l - 1. Suppose -i - 16 = -a*i. Suppose -y + 11 = -i. What is the tens digit of y?
2
Let p(u) = -u**3 - 5*u**2 - 6*u - 4. Let k be p(-4). Suppose 2*h - 2 = 0, 3*a - 4*h - 1 = k. Suppose 55 = a*y - 86. What is the units digit of y?
7
Let x(p) = -p**2 + 9*p - 17. Let q be x(5). Suppose -q*w + 3 = 0, 2*t - 2*w - 2 = -2*t. What is the units digit of t?
1
Let g be (1 + 3 + 327)*1. Let i = -63 + g. What is the units digit of i?
8
Suppose -4*w = n - 37, -80 - 51 = -3*n - 2*w. Let m = n + -10. Suppose -3*g = -4*u - m, g + 2*u = -g. What is the units digit of g?
5
Suppose 0 = -73*l + 65*l + 1744. What is the tens digit of l?
1
Suppose -5*n = -t - 9 - 12, 2*n + 10 = 5*t. Let z(d) = 0*d**3 + t - 2*d**2 - 6 - d**3. What is the units digit of z(-3)?
7
Let m(v) = v**3 + 10*v**2 + 7*v + 12. Let q(f) = -2*f**2 - 3*f. Suppose -p - 1 = 2. Let j be q(p). What is the tens digit of m(j)?
3
Let m(a) = -a**2 + 11 - 11. Let q be m(0). Suppose -3*c - 211 + 6 = -5*x, -3*x + 4*c + 134 = q. What is the units digit of x?
8
Let z be (-27)/(-18) - 6/(-4). Suppose -z*a - a = 0. What is the tens digit of a*2/(-4) - -12?
1
Suppose -1275 = j - 18*j. Let b = j + 21. What is the units digit of b?
6
Let s = -386 + 541. Suppose 5*l + 0*o + 5*o = s, -4*l = -3*o - 110. What is the units digit of l?
9
Let c be (-9)/(45/(-10)) - (0 - 0). Suppose 5*u - 4*j = -3, -2*j = -2 - c. What is the units digit of u?
1
Let v(l) = -8*l**3 - l**2 - 9*l - 5. What is the tens digit of v(-3)?
2
Suppose 15451 = 4*j + d, j = -4*d + 2*d + 3868. What is the units digit of j?
2
Let t = -13 + 12. Let j = t - -44. What is the units digit of j?
3
Let y(l) = -56*l + 98. What is the units digit of y(-7)?
0
Let u = 7 - -2. Let s be (-142)/u - (-4)/(-18). What is the units digit of (-52)/s - (-1)/(-4)?
3
Let o = -18 + 31. Let t = -19 + o. What is the units digit of ((-54)/(-7))/(t/(-28))?
6
Suppose 56*a - 58*a + 32 = 0. Let m = 43 - a. What is the units digit of m?
7
Suppose -5*u + 7627 = -2888. What is the units digit of u?
3
Let u be ((-3)/(-4))/((-9)/468). What is the tens digit of (-436)/(-10) + u/65?
4
Let k(i) = i + 21. Let n be (12/18)/(2/(-51)). What is the units digit of k(n)?
4
Let h(j) = j**2 - 7*j. Let k be h(7). Suppose 0 = 3*c + 12, -2*c + k*c = 5*o - 17. Let p(s) = s**2 + s - 5. What is the tens digit of p(o)?
2
Let k = -253 - -400. Suppose -i + 17 = -k. What is the tens digit of i?
6
Let o = 2 + -2. Let v be 4 + 1 + (o - 1). Suppose -v*m - t + 85 = -2*t, 2*m + 5*t = 37. What is the tens digit of m?
2
Suppose 3*o + 17 = -7. Let x(y) = 2*y**2 - 11*y - 20. Let t be x(o). Suppose 2*j - 76 = 7*b - 5*b, -5*j - b + t = 0. What is the units digit of j?
9
Suppose 0 = 84*m - 73*m - 4686. What is the units digit of m?
6
Let b be (-6)/(-9) - 132/(-18). Suppose b*l = 46 + 522. What is the units digit of l?
1
Let u = -41 + 41. Suppose u = -6*m - 496 + 1192. What is the tens digit of m?
1
Suppose -2*n - 3*n - 35 = 0. Let c be (-4)/(-2) + n + 3. Let o(y) = -11*y - 4. What is the tens digit of o(c)?
1
Suppose -3*m + 30 - 12 = 0. Suppose d = -d + m. Suppose 3*l + q - 11 = 12, -2*q - 35 = -d*l. What is the units digit of l?
9
Let n be -1 - (-200 - (1 - 4)). Suppose n = 2*k - k. What is the units digit of k?
6
Suppose -h = 3*h - 3*i + 270, -3*i + 201 = -3*h. Let l = h - -146. What is the units digit of l?
7
Let p = 5330 + -2832. What is the units digit of p?
8
Let y(b) = -2*b**3 - 585 + 630 + b**3. What is the tens digit of y(0)?
4
Suppose -14 + 64 = 5*j. Suppose 4*r - j = -r. Suppose 39 = z + r*z. What is the units digit of z?
3
Suppose -97*t = -102*t + 9505. Suppose t - 551 = 15*c. What is the tens digit of c?
9
Let d be 2*3/(-18)*-21. Suppose 8 = -u + d. Let z(b) = -45*b**3 - b - 1. What is the units digit of z(u)?
5
Suppose 0 = 4*q - 161 - 119. What is the units digit of q?
0
Suppose 41*n = 28506 + 1301. What is the hundreds digit of n?
7
Let o = 18 - 12. Suppose 0 = 5*m - 10, -3*s + 3*m - o = 21. Let b = -4 - s. What is the units digit of b?
3
Suppose 0 = 2*o - 19 - 15. Suppose -5*m + o = -4*v, 2*m = 2*v + v + 4. Suppose 5*y - t - 178 = -0*t, 0 = -4*y - v*t + 134. What is the units digit of y?
5
Let l(v) = -v**3 - 17*v**2 - 17*v - 12. Let s = 20 + -36. Let z be l(s). Suppose 3*m + 8 = m, 252 = z*c + 5*m. What is the units digit of c?
8
Let p(z) = z**3 + 26*z**2 - 36*z - 2. What is the thousands digit of p(-24)?
2
Let i = 122 - 74. Let j = i + -38. Suppose j*a = 5*a + 45. What is the units digit of a?
9
Let i(l) = -271*l**2 - l - 1. Let z be i(-1). Let c = 9 - z. Suppose -6*n = n - c. What is the tens digit of n?
4
Suppose 5*z + 5*a - 700 = 5, -z - 3*a = -143. Suppose -6*d = -16 - z. What is the tens digit of 1654/30 + d/(-195)?
5
Let f be (12/(-18))/((-2)/375). Let r = 369 - f. Suppose 3*z + 49 - r = 0. What is the tens digit of z?
6
Let p = 19 + -27. Let f(n) = -n**3 - 9*n**2 - 14*n + 8. Let h(z) = -3*z**3 - 27*z**2 - 41*z + 24. Let k(u) = -8*f(u) + 3*h(u). What is the tens digit of k(p)?
3
Let c be ((-18)/(-24))/((1/4)/1). Suppose 2*r = -2*r + 20, 0 = c*m + 2*r - 247. What is the tens digit of m?
7
Let p(m) = m + 11. Let k be p(-5). Let l be (-11 - 1)*(-4)/k. Suppose -l + 26 = 3*t. What is the units digit of t?
6
Let a = -161 - -451. What is the units digit of a?
0
Let j(z) = 123*z - 6. Let o be j(1). Let n = -36 + o. What is the units digit of n?
1
Let o = -348 - -244. Let f = -73 - o. What is the units digit of f?
1
Suppose 0 = 7*y - 12*y - j + 2817, 0 = 2*j + 6. What is the hundreds digit of y?
5
Let o(g) = -12*g**3 - 2*g**2 + 1. Let v be o(1). Let s(i) = i**3 + 12*i**2 - 15*i - 15. What is the tens digit of s(v)?
1
What is the tens digit of ((-88)/(-2))/(-3 - 65/(-20))?
7
Let h = 86 - 69. Suppose -o = -6 - h. What is the tens digit of o?
2
What is the hundreds digit of (-1 - 1739)*(-7)/(-70)*-5?
8
Suppose -1303 = -3*q - 5*k, -5*q - 4*k = -4*q - 439. What is the tens digit of q?
3
Suppose -a = -4*a + h - 251, 3*a + 247 = -h. Let r = a - 43. What is the units digit of r/(-6)*1/3?
7
Suppose -2*j + 2*q = -2494, -2*j = -4*q - 1734 - 766. Suppose 3*m + 2*u - 936 = -u, -4*m - 5*u + j = 0. What is the tens digit of m?
1
Suppose 5*k + 3*y + 17 = 0, 3*k - 9 = 6*y - 3*y. What is the tens digit of (74/5)/(k/(-5))?
7
Let q be -2 + (0 - 33 - 0). Suppose -3*k - 2*k = -325. Let f = q + k. What is the units digit of f?
0
Suppose 0 = -4*j + 2*o + 62, 2*j - o - 26 = o. Suppose -j*y = -14*y - 8. Let t = 24 - y. What is the tens digit of t?
2
Let t(u) = 202*u - 9. What is the hundreds digit of t(1)?
1
Let b(g) = g**2 - 28*g + 156. Let f be b(7). Let a = 2 - 1. Let s = f + a. What is the units digit of s?
0
Let r(z) = -z**3 + 9*z**2 + 15*z - 19. Let h be r(10). Suppose -h - 233 = -6*s. What is the units digit of s?
4
Suppose -4*x + 5*j = -248, x + 5*j + 20 = 107. What is the units digit of x?
7
Suppose 2*l + 3*j = 9, -3*l = -4*j - 6 + 1. Suppose -i - l*h = -127 - 100, 3*h = 0. What is the units digit of i?
7
Suppose -r + 2056 = 3*k, 694 = k - 12*r + 8*r. What is the hundreds digit of k?
6
Let u be 2/(-3)*(1 + 2). What is the units digit of 2*((-13)/u + 3)?
9
What is the tens digit of (-5 - (-1968)/(-18))*-30?
3
What is the units digit of 4052/8*(-24)/(-4)?
9
Suppose 76*k = 81*k - 200. What is the units digit of k?
0
Let h(r) = 16*r + 1. Let o(g) be the first derivative of -g**4/4 + 3*g**3 - 4*g**2 + 2*g - 5. Let k be o(8). What is the tens digit of h(k)?
3
Suppose 4*a + 10 = 26. Suppose a*r = -2*b + 34, -3*r - b + 17 = -8. What is the units digit of r?
8
Suppose 3*r - n - 532 = 0, 407 = 2*r - 2*n + 47. What is the hundreds digit of r?
1
Suppose x = -2*m + 306, -4*x + 3*m = x - 1543. What is the tens digit of x?
0
Suppose 2*z + z + 21 = -4*c, -3*c = 9. Let t(u) = -3*u**3 - u**2 - 3*u + 4. What is the tens digit of t(z)?
8
Let z be 15/1*(-20)/30. Let s = -6 - z. Suppose s*r = 6*r - 46. What is the units digit of r?
3
Suppose 9 = 3*q, 0 = -3*l - 4*q - 0*q + 15. What is the units digit of l - (-12 + 0 + -1)?
4
Let l(m) = -10*m**3 + 4*m**2 - m - 2. What is the tens digit of l(-3)?
0
Suppose -5*h = -h + 2*z + 38, h = -4*z + 8. Let l be (-3)/h - (-9)/12. What is the units digit of 3